ime factors of 12300760.
2, 5, 181, 1699
What are the prime factors of 134526?
2, 3, 7, 3203
What are the prime factors of 3795494?
2, 89, 21323
List the prime factors of 493125.
3, 5, 263
List the prime factors of 20872961.
59, 281, 1259
What are the prime factors of 679062?
2, 3, 113177
What are the prime factors of 1361512?
2, 170189
List the prime factors of 79027.
13, 6079
List the prime factors of 1546678.
2, 7, 110477
List the prime factors of 1080020.
2, 5, 54001
List the prime factors of 3297549.
3, 101, 10883
What are the prime factors of 111389?
23, 29, 167
What are the prime factors of 189550?
2, 5, 17, 223
What are the prime factors of 3559112?
2, 23, 29
What are the prime factors of 234970?
2, 5, 23497
What are the prime factors of 348445?
5, 227, 307
What are the prime factors of 138929?
7, 89, 223
List the prime factors of 2467096.
2, 137, 2251
What are the prime factors of 8983596?
2, 3, 748633
What are the prime factors of 857515?
5, 41, 47, 89
List the prime factors of 8767793.
503, 17431
List the prime factors of 6782029.
6782029
List the prime factors of 231272.
2, 28909
List the prime factors of 1998032.
2, 151, 827
List the prime factors of 3500894.
2, 1750447
What are the prime factors of 7124909?
11, 647719
List the prime factors of 3030234.
2, 3, 19, 1399
List the prime factors of 154418.
2, 11, 7019
List the prime factors of 566994.
2, 3, 53, 1783
List the prime factors of 10926965.
5, 7, 312199
List the prime factors of 865010.
2, 5, 86501
List the prime factors of 5757635.
5, 13, 283, 313
List the prime factors of 1573823.
1573823
List the prime factors of 14605840.
2, 5, 41, 61, 73
What are the prime factors of 170331?
3, 7, 8111
List the prime factors of 417588.
2, 3, 17, 23, 89
List the prime factors of 231880.
2, 5, 11, 17, 31
What are the prime factors of 140830?
2, 5, 14083
What are the prime factors of 88091?
137, 643
What are the prime factors of 188264?
2, 101, 233
List the prime factors of 724884.
2, 3, 29, 2083
List the prime factors of 2770386.
2, 3, 181, 2551
What are the prime factors of 312936?
2, 3, 13, 17, 59
List the prime factors of 608122.
2, 53, 5737
What are the prime factors of 243976?
2, 30497
What are the prime factors of 3349995?
3, 5, 11, 79, 257
What are the prime factors of 752232?
2, 3, 13, 2411
What are the prime factors of 1590573?
3, 257, 2063
What are the prime factors of 2352697?
487, 4831
List the prime factors of 983740.
2, 5, 101, 487
List the prime factors of 1347474.
2, 3, 224579
What are the prime factors of 3792155?
5, 758431
What are the prime factors of 129012?
2, 3, 13, 827
What are the prime factors of 42669?
3, 11, 431
List the prime factors of 479504.
2, 23, 1303
What are the prime factors of 896367?
3, 73, 4093
What are the prime factors of 3402307?
3402307
What are the prime factors of 22863698?
2, 11, 13, 79943
List the prime factors of 1030139.
11, 71, 1319
What are the prime factors of 8206428?
2, 3, 59, 67, 173
What are the prime factors of 1820692?
2, 31, 14683
List the prime factors of 9675394.
2, 4837697
What are the prime factors of 166608?
2, 3, 13, 89
What are the prime factors of 6477491?
6477491
What are the prime factors of 9495691?
9495691
List the prime factors of 4271.
4271
List the prime factors of 1287954.
2, 3, 17, 23, 61
What are the prime factors of 3524124?
2, 3, 293677
What are the prime factors of 71801?
19, 3779
List the prime factors of 23525.
5, 941
What are the prime factors of 426161?
426161
What are the prime factors of 5896276?
2, 1474069
What are the prime factors of 205810?
2, 5, 11, 1871
List the prime factors of 1454605.
5, 17, 109, 157
List the prime factors of 242076.
2, 3, 20173
What are the prime factors of 24292?
2, 6073
What are the prime factors of 3903663?
3, 1301221
What are the prime factors of 389084?
2, 211, 461
What are the prime factors of 864543?
3, 288181
List the prime factors of 464647.
464647
What are the prime factors of 4438991?
71, 103, 607
List the prime factors of 239481.
3, 11, 41, 59
What are the prime factors of 1675297?
13, 23, 431
What are the prime factors of 4549795?
5, 17, 53527
List the prime factors of 1681449.
3, 7, 11, 29, 251
What are the prime factors of 267243?
3, 229, 389
What are the prime factors of 235910?
2, 5, 31, 761
What are the prime factors of 2259605?
5, 451921
List the prime factors of 3740836.
2, 11, 59, 131
What are the prime factors of 133935?
3, 5, 8929
List the prime factors of 57739.
11, 29, 181
What are the prime factors of 1906910?
2, 5, 41, 4651
What are the prime factors of 1299534?
2, 3, 59, 3671
What are the prime factors of 30177?
3, 7, 479
What are the prime factors of 12582097?
11, 757, 1511
What are the prime factors of 11303496?
2, 3, 43, 1217
What are the prime factors of 397040?
2, 5, 7, 709
List the prime factors of 3793200.
2, 3, 5, 29, 109
List the prime factors of 3540923.
937, 3779
List the prime factors of 11594002.
2, 7, 509, 1627
What are the prime factors of 8018697?
3, 23, 251, 463
List the prime factors of 173464.
2, 21683
List the prime factors of 142286.
2, 71143
What are the prime factors of 7625962?
2, 17, 211, 1063
What are the prime factors of 45237362?
2, 22618681
List the prime factors of 9687128.
2, 11, 31, 53, 67
What are the prime factors of 82353?
3, 97, 283
What are the prime factors of 1136607?
3, 378869
What are the prime factors of 137176?
2, 13, 1319
What are the prime factors of 5207462?
2, 13, 53, 3779
What are the prime factors of 2116071?
3, 181, 433
What are the prime factors of 152260?
2, 5, 23, 331
List the prime factors of 181235.
5, 67, 541
List the prime factors of 89891.
89891
List the prime factors of 10199252.
2, 7, 17, 3061
List the prime factors of 2527699.
397, 6367
What are the prime factors of 5014032?
2, 3, 104459
List the prime factors of 20439274.
2, 10219637
What are the prime factors of 8897898?
2, 3, 101, 14683
List the prime factors of 136742.
2, 68371
List the prime factors of 23311138.
2, 19, 613451
List the prime factors of 2202447.
3, 13, 56473
List the prime factors of 7992204.
2, 3, 11, 191, 317
What are the prime factors of 4860126?
2, 3, 193, 1399
What are the prime factors of 111632?
2, 6977
What are the prime factors of 69046?
2, 19, 23, 79
List the prime factors of 790815.
3, 5, 52721
List the prime factors of 2387266.
2, 7, 41, 4159
List the prime factors of 4603944.
2, 3, 191831
List the prime factors of 903832.
2, 112979
List the prime factors of 460944.
2, 3, 11, 97
What are the prime factors of 1251279?
3, 41, 3391
List the prime factors of 140615.
5, 28123
List the prime factors of 107043.
3, 31, 1151
List the prime factors of 5447784.
2, 3, 226991
What are the prime factors of 4984899?
3, 37, 44909
What are the prime factors of 9780265?
5, 11, 177823
What are the prime factors of 823516?
2, 205879
List the prime factors of 1169093.
257, 4549
What are the prime factors of 201099?
3, 67033
List the prime factors of 2073284.
2, 587, 883
List the prime factors of 90551.
23, 31, 127
List the prime factors of 5673111.
3, 23, 82219
What are the prime factors of 10320948?
2, 3, 11, 67, 389
List the prime factors of 1427905.
5, 347, 823
What are the prime factors of 19378676?
2, 37, 127, 1031
What are the prime factors of 1986514?
2, 43, 23099
What are the prime factors of 6149284?
2, 31, 101, 491
List the prime factors of 265050.
2, 3, 5, 19, 31
List the prime factors of 55375.
5, 443
What are the prime factors of 486314?
2, 243157
What are the prime factors of 1726830?
2, 3, 5, 7, 2741
What are the prime factors of 758852?
2, 189713
List the prime factors of 71314.
2, 181, 197
List the prime factors of 29453740.
2, 5, 1472687
What are the prime factors of 191173?
191173
List the prime factors of 6032341.
7, 43, 409
List the prime factors of 31468478.
2, 71, 167, 1327
List the prime factors of 8855471.
113, 78367
List the prime factors of 15800233.
97, 162889
List the prime factors of 2741358.
2, 3, 19, 139, 173
List the prime factors of 958637.
958637
What are the prime factors of 1726515?
3, 5, 7, 29
List the prime factors of 223560.
2, 3, 5, 23
List the prime factors of 481404.
2, 3, 7, 11, 521
List the prime factors of 519285.
3, 5, 13, 2663
List the prime factors of 94654.
2, 7, 6761
What ar